te number?
False
Is 1359857 a prime number?
True
Is 37131769 a prime number?
False
Is 22312291 a prime number?
False
Is 1897800969 a composite number?
True
Is 9360643 a prime number?
False
Is 276636361 composite?
False
Is 12320953 composite?
False
Is 201017 a composite number?
True
Is 33513401 composite?
False
Is 1682753 composite?
False
Is 16265239 a composite number?
False
Is 341480873 a composite number?
True
Is 505477 prime?
False
Is 435958219 prime?
True
Is 2297969 a composite number?
False
Is 174402727 a composite number?
False
Is 1585127 composite?
False
Is 928001 prime?
True
Is 724078079 a composite number?
False
Is 40519 composite?
False
Is 122921 a composite number?
False
Is 446533 a composite number?
False
Is 18812779 prime?
False
Is 2158601 a prime number?
True
Is 158561 a composite number?
True
Is 35980621 prime?
True
Is 14804281 composite?
True
Is 28799891 composite?
False
Is 86335643 a prime number?
False
Is 24460487 composite?
False
Is 608087 a composite number?
False
Is 226587619 composite?
False
Is 468077 a prime number?
False
Is 1246841 a composite number?
False
Is 1228121 a composite number?
True
Is 6229618 a prime number?
False
Is 52828439 a composite number?
True
Is 71873 composite?
True
Is 52298383 prime?
False
Is 3121379 a prime number?
True
Is 106299299 prime?
True
Is 1803643 a prime number?
False
Is 14563189 prime?
True
Is 8698978 a composite number?
True
Is 2875331 a prime number?
True
Is 495383 prime?
False
Is 85153067 composite?
False
Is 64776991 a prime number?
False
Is 241903 a prime number?
True
Is 52109137 composite?
False
Is 28856273 a composite number?
False
Is 352137505 a prime number?
False
Is 25149599 a prime number?
True
Is 717159305 a composite number?
True
Is 42558587 prime?
True
Is 15649643 a composite number?
True
Is 1964297 a prime number?
True
Is 85495019 a composite number?
False
Is 4116503 a prime number?
False
Is 20957 prime?
False
Is 2622883 a prime number?
False
Is 2615519 composite?
False
Is 9165757 a composite number?
False
Is 650621383 composite?
False
Is 4089559 a prime number?
True
Is 169141255 composite?
True
Is 9295133 prime?
False
Is 12809957 composite?
False
Is 98470249 a composite number?
False
Is 3551089 a prime number?
True
Is 8456059 a composite number?
True
Is 55135039 composite?
False
Is 135620003 prime?
True
Is 884768237 a prime number?
True
Is 470683 prime?
False
Is 2906797 prime?
False
Is 1208731 a composite number?
False
Is 4436791 a composite number?
True
Is 4993199 a composite number?
False
Is 150618101 a prime number?
True
Is 3832351 prime?
True
Is 89658997 a composite number?
True
Is 150746203 a prime number?
True
Is 89106587 prime?
True
Is 3303361 a composite number?
True
Is 22977959 prime?
True
Is 8724091 a prime number?
False
Is 26381479 a composite number?
True
Is 48909589 a composite number?
True
Is 30650957 a prime number?
True
Is 8713031 composite?
True
Is 14564843 prime?
True
Is 2456591 composite?
False
Is 6511927 a prime number?
False
Is 1031137 prime?
True
Is 1610899 composite?
False
Is 5124443 a composite number?
False
Is 25383131 a prime number?
False
Is 39906109 composite?
True
Is 2728289 prime?
True
Is 4949201 composite?
True
Is 38296743 a composite number?
True
Is 156923059 a prime number?
False
Is 851576573 prime?
True
Is 24223621 a prime number?
True
Is 165169621 a composite number?
False
Is 1059731 composite?
True
Is 16523699 a composite number?
False
Is 9038219 prime?
True
Is 14126093 prime?
True
Is 92464529 composite?
False
Is 176647 a prime number?
False
Is 115240813 a composite number?
False
Is 831983 a composite number?
False
Is 10933135 prime?
False
Is 65179753 prime?
True
Is 8618557 prime?
True
Is 316136443 a prime number?
False
Is 426302827 prime?
True
Is 16252589 composite?
True
Is 81509 a composite number?
False
Is 138740797 a composite number?
True
Is 28772027 a composite number?
True
Is 6270701 composite?
False
Is 358181 a composite number?
False
Is 7091381 composite?
True
Is 3172391 a prime number?
True
Is 12232873 a prime number?
False
Is 172777427 composite?
True
Is 141788653 prime?
False
Is 200343371 a prime number?
True
Is 5024389 a prime number?
True
Is 4436063 prime?
False
Is 13141741 a prime number?
True
Is 6455437 a composite number?
True
Is 3454536245 composite?
True
Is 15027503 prime?
False
Is 113779571 a prime number?
True
Is 110174803 composite?
False
Is 608414623 a composite number?
False
Is 675377647 composite?
True
Is 2862163 a prime number?
True
Is 993152073 composite?
True
Is 181055591 composite?
True
Is 104784241 prime?
True
Is 33185899 a composite number?
False
Is 735689 prime?
True
Is 26787331 composite?
False
Is 375696469 a composite number?
True
Is 57062689 a prime number?
True
Is 133041619 a composite number?
True
Is 26879995 a prime number?
False
Is 8104777 prime?
False
Is 32677581 composite?
True
Is 73893497 a prime number?
True
Is 20239 a prime number?
False
Is 4584091 a prime number?
False
Is 17574979 a composite number?
True
Is 3049147 composite?
True
Is 6415943 composite?
False
Is 1591325567 a prime number?
False
Is 56793019 prime?
False
Is 13616833 composite?
False
Is 67445726 a composite number?
True
Is 22303873 a prime number?
True
Is 118537931 a composite number?
False
Is 90113783 prime?
True
Is 8776111 a composite number?
True
Is 300509661 a prime number?
False
Is 2055329 a composite number?
True
Is 11661827 a composite number?
False
Is 34281257 a prime number?
False
Is 610185491 a prime number?
False
Is 1298699 composite?
False
Is 14384009 a prime number?
False
Is 1586837 composite?
True
Is 135891277 prime?
False
Is 394239 a prime number?
False
Is 7264531 a composite number?
False
Is 2077871 composite?
True
Is 2737739 composite?
True
Is 38906033 prime?
True
Is 5568391 composite?
False
Is 1049641 prime?
False
Is 273327421 composite?
True
Is 8123747 a prime number?
True
Is 1960847 a prime number?
False
Is 4157909 prime?
False
Is 2172337 a composite number?
False
Is 11883023 composite?
True
Is 65939089 composite?
True
Is 124121299 a prime number?
True
Is 786691 a composite number?
False
Is 6679927 a composite number?
True
Is 387192329 a composite number?
True
Is 63532709 a composite number?
True
Is 80412551 composite?
True
Is 2458571 prime?
True
Is 14907709 composite?
False
Is 608132303 a composite number?
False
Is 5446031 composite?
True
Is 45257351 composite?
False
Is 3986951 prime?
True
Is 293925677 a composite number?
True
Is 13607 a composite number?
True
Is 21390997 a prime number?
True
Is 1475389 prime?
False
Is 5989183 a prime number?
True
Is 490560281 prime?
True
Is 2952151 composite?
True
Is 5400347 a composite number?
True
Is 42490183 a composite number?
False
Is 9189661 composite?
True
Is 481801 composite?
False
Is 41206631 prime?
True
Is 3778447 prime?
True
Is 7601233 composite?
True
Is 55781917 a prime number?
False
Is 1085479 a composite number?
True
Is 25292951 a prime number?
True
Is 5958089 a prime number?
True
Is 2189543 composite?
False
Is 3266707 prime?
True
Is 1059677 a prime number?
False
Is 243393 a composite number?
True
Is 7721827 a composite number?
False
Is 25111277 composite?
True
Is 75226817 composite?
False
Is 47986959 composite?
True
Is 110384821 a composite number?
True
Is 11990777 prime?
True
Is 66554149 composite?
False
Is 24450889 composite?
False
Is 48181 a composite number?
True
Is 441845553 composite?
True
Is 4297603 prime?
True
Is 15033431 composite?
True
Is 163301 prime?
False
Is 1158264057 a composite number?
True
Is 77466487 composite?
True
Is 12753991 a composite number?
True
Is 15463835 a prime number?
False
Is 4182817 composite?
True
Is 8648501 a composite number?
False
Is 1948397 composite?
True
Is 828737899 prime?
False
Is 1942697 a composite number?
True
Is 29932471 a composite number?
False
Is 139634237 prime?
True
Is 9680689 prime?
True
Is 18745387 a prime number?
True
Is 50877199 a composite number?
False
Is 16804577 a prime number?
True
Is 1142311 a prime number?
True
Is 3926777 a composite number?
True
Is 135898583 prime?
False
Is 3059377 a composite number?
False
Is 93413939 a composite number?
True
Is 2253194 composite?
True
Is 5925943 a prime number?
True
Is 13297111 a prime number?
False
Is 54586957 a prime number?
True
Is 73492469 a prime number?
